?
9
Let x be 33/30 - 1 - -4*529725/1000. What is the greatest common divisor of 1141 and x?
163
Let y = -4 + 56. Let m(f) = 2*f - 9. Let q be m(6). Suppose a = q*i - 5*i + 22, -5*i - 4*a + y = 0. Calculate the greatest common divisor of i and 42.
6
Let s be 2/4*2277/66*28. What is the greatest common divisor of 14 and s?
7
Suppose 6*s = 114 - 42. Let v be -6*(s/90 - 4/5). Suppose -123 = -v*y + 5. Calculate the greatest common factor of y and 8.
8
Suppose 5*n = -3*i + 4*i - 5, 5*i + 4*n = 54. What is the greatest common factor of 3070 and i?
10
Let y be 102/8*4/1. Let j be ((-11 - -20) + -11)*(-17)/1. Calculate the highest common divisor of y and j.
17
Let c = 44 + -42. Let s be -42*(2 + (-11)/c). Suppose 0 = -0*z - 3*z + s. Calculate the greatest common factor of 7 and z.
7
Suppose 41*n = -n + 16926. What is the highest common divisor of 279 and n?
31
Let z(o) = o**3 + 8*o**2 - o + 30. Let x be z(-7). Suppose 0 = -6*b + 5*b - 2, x = 5*u - 3*b. Let p = 86 - -90. Calculate the highest common factor of p and u.
16
Suppose -109*j = 188*j - 1276832 + 244460. What is the highest common divisor of j and 308?
44
Let i(p) = 3*p - 8. Let w be i(3). Let j be (34 + -5 + w)*1. Let a = 37 - j. What is the greatest common factor of a and 63?
7
Suppose 2*j = 7*j - 425. Suppose 20*y + 24 = 8*y. Let d be ((-56)/(-6) - y)*48/32. What is the greatest common divisor of j and d?
17
Suppose 16*u - 21*u + 2*b = -43793, -u = 5*b - 8764. What is the greatest common divisor of 19 and u?
19
Let f be (2/(-1) - (-2 + -1))*-45. Let u = f + 50. Suppose -5*w = -4*j - 290, -u*w - j = -4*j - 285. What is the highest common divisor of w and 54?
54
Suppose 2*x = 4*o + x + 153, 0 = -4*x + 4. Let f be 12/18*((-625)/10 + -2). Let y = o - f. Calculate the greatest common factor of 35 and y.
5
Let v(h) = -35*h**3 + 1. Let q(y) = -70*y**3 + 3*y**2 - 1. Let n be q(-1). Let z = 71 - n. Let t be v(z). Calculate the greatest common factor of 12 and t.
12
Suppose 0 = 259*y - 254*y - 15. Suppose y*c + 4*x = 1148, -1386 = -4*c + 5*x + 93. Calculate the greatest common factor of 47 and c.
47
Suppose -3*v - 2*l + 76 + 13 = 0, 5*l = 3*v - 61. Let t = -40 + 229. What is the greatest common factor of v and t?
27
Let k(j) = 289*j**3 + 3*j**2 - 4*j + 2. Let l be k(1). Calculate the greatest common divisor of 7250 and l.
290
Let o be (-642)/(-3) + -8 - 5. Suppose 9*m - o = 123. Calculate the highest common factor of m and 180.
36
Suppose 0*v + 2*v - 10 = -4*w, -3*w = 4*v - 15. Suppose x = -3*h + 27, -v*h - 4*x = -20 - 7. What is the highest common divisor of 63 and h?
9
Let r(m) = -10*m - 34. Let u(l) = -19*l**2 + 7*l - 2. Let o be u(1). Let g be r(o). What is the greatest common divisor of g and 265?
53
Let r(c) = 15*c - 29 - 27*c + 15*c. Let p be r(11). Let i(v) = 2*v - 2. Let t be i(p). Calculate the highest common divisor of t and 48.
6
Suppose -b = -20 - 10. Let j = -170 + 173. Suppose -v = j*t - 28, 5*v - 37 - 175 = 3*t. Calculate the highest common divisor of b and v.
10
Let z(w) = 8*w - 7. Suppose -9*i = 4*i - 104. Let t be z(i). Suppose -4*u + t = -15. What is the greatest common divisor of 90 and u?
18
Let p = -25568 + 27113. Calculate the greatest common divisor of p and 1854.
309
Let n = -81 + 102. Let x be (147/4)/((-72)/(-672)). Suppose -392 = -7*o + x. Calculate the highest common factor of o and n.
21
Let v be ((-714)/(-170))/((-46)/(-45) + -1). Suppose -7*k + 14*k = v. What is the greatest common factor of 297 and k?
27
Let m be (-16)/(-28)*(7 - (-8 + 1)). Let w(f) = 89*f - 1. Let j(d) = -2*d + 13. Let s be j(6). Let o be w(s). What is the greatest common factor of o and m?
8
Suppose 24*a = 34*a - 40. Suppose 2*j + 8 = a*i, i + 0 = 2*j - 1. Calculate the greatest common divisor of j and 14.
2
Suppose 0 = -12627*t + 12620*t + 714. What is the highest common factor of t and 1479?
51
Suppose 744 = 28*o + 72. Suppose 47*v - 7590 = o*v. Calculate the greatest common divisor of 30 and v.
30
Suppose 21*r - 8766 - 35838 = 0. What is the greatest common divisor of 36 and r?
36
Let k be (-3)/(-6)*-8*4/(-8). Suppose -k*w = -4*z + 428, -117 = -z + 2*w + w. What is the highest common divisor of z and 14?
7
Suppose 10*b + 0 = 30. Let d(q) = -24 - 2*q**3 + 7*q**2 + 3*q**b + 14*q + 4 - 2*q**3. Let v be d(8). What is the greatest common factor of v and 21?
7
Suppose 4*t - 5263 - 1703 = -14*t. What is the highest common factor of t and 86?
43
Suppose 81*p - 79*p - 802 = 0. Suppose 0 = -3*i + 4*d + 247, -4*d + 0*d = -5*i + p. What is the greatest common factor of 11 and i?
11
Let x = 2778 + -2764. Calculate the greatest common factor of 189 and x.
7
Suppose 4 = -3*d + 25. Let h be (-110)/99 - (-448)/63. Suppose h*y - 65 = d. Calculate the greatest common divisor of y and 48.
12
Let s be 8 + -65 + (-2)/1. Let v = s - -95. Let g(i) = i**2 + 3. Let j be g(0). What is the highest common factor of j and v?
3
Let y = 3328 + -3302. Calculate the greatest common factor of 6 and y.
2
Let a be (16/(-48))/(1/(-54)). Let d(n) = -2*n**3 + 9*n**2 - 3*n - 2. Let h be d(4). What is the greatest common factor of a and h?
2
Suppose 0 = p + 4*p + 3*g - 180, 0 = -5*p + 3*g + 210. Let u(j) = -j**3 - 12*j**2 + 109*j + 31. Let z be u(-18). What is the highest common factor of p and z?
13
Let g = -1710 - -1737. What is the highest common factor of 369 and g?
9
Let s = -299 + 302. Suppose a - 8 - 32 = -s*u, 5*a = 5*u - 80. What is the highest common divisor of 77 and u?
7
Let q be (552730/150)/31 + (-2)/(-15). What is the highest common divisor of 969 and q?
17
Let p = -392 - -936. Calculate the highest common factor of 85 and p.
17
Let x = 8741 - 6885. What is the greatest common factor of 1044 and x?
116
Let q be (1/(-2) - 0)/(9099/(-216) - -42). Calculate the highest common divisor of q and 158.
2
Let k = -1637 - -1797. What is the highest common divisor of k and 360?
40
Let l(t) be the third derivative of -t**6/120 - t**5/4 + t**4/2 - 29*t**3/6 + 81*t**2. Let a be l(-16). What is the greatest common divisor of 280 and a?
35
Suppose 3957 = 4*l - 3*j - 2421, -l = 3*j - 1572. Calculate the greatest common divisor of l and 90.
30
Let d = -15183 + 22823. Calculate the highest common factor of d and 8.
8
Let v be (228/7)/(44/(-308)). Let j = -219 - v. What is the highest common factor of j and 801?
9
Let f be (-260)/((-39)/3) + 4*1. Calculate the greatest common factor of f and 8088.
24
Suppose 5*c + 2*l = 116, 5*c - 165 + 46 = -3*l. Suppose 3421*o - 492 - 234 = 3388*o. What is the highest common factor of o and c?
22
Suppose -475 = -3*c + 5*w, 2*w = -48 + 50. Suppose 0 = 10*x - 18*x + c. Calculate the greatest common factor of 4 and x.
4
Suppose 28*w - 10367 - 3689 = 0. Suppose 0 = g + 2*r - 4*r - w, 4*g + 5*r = 1969. Calculate the greatest common factor of g and 16.
16
Let x = -351 - -630. Calculate the greatest common factor of x and 341.
31
Let a be (-10)/8 - 2/(-8). Let c be ((-28)/5)/((-20)/(-350)*7). Let h be a/7 + (-618)/c. What is the highest common factor of h and 4?
4
Let x = 44 - 34. Let j be 3/((70/147)/x). Calculate the greatest common factor of j and 315.
63
Suppose -17*j = 2*c - 12*j - 50, -c = -j - 39. Suppose 5*a = 2*a + 294. Let l = a - -182. Calculate the highest common divisor of l and c.
35
Let u = 1351 - 1207. Calculate the highest common divisor of u and 414.
18
Suppose -m - 9*m = -5*m. Suppose m*h + 5*n - 190 = -2*h, -h = -3*n - 84. What is the highest common divisor of 63 and h?
9
Let s be 24/(((-27)/(-6))/9). Suppose -10*l + 12 = -9*l. Suppose -y = -0 - l. Calculate the highest common divisor of y and s.
12
Let m be ((-1)/2 + (-7462)/(-156))/((-44)/(-66)). Calculate the greatest common factor of 4189 and m.
71
Let p be -2*(-3)/2 + 4. Let i be (-2)/6*(7 - p). Suppose i = -z + 6*z - 350. What is the highest common factor of z and 14?
14
Let a be 2*(4 + (1 - -3)). Suppose -22*r + 756 = -a*r. Let s = -70 + r. What is the greatest common divisor of s and 7?
7
Suppose -3*q = -0*q - 210. Suppose -1824 = 139*p - 7384. What is the highest common factor of q and p?
10
Suppose 5*w + 110 = 2*a, -88 = 5*w - w + a. Let l = w - -76. Let q = -39 + l. Calculate the greatest common factor of 10 and q.
5
Let u be 2*(4 - (-128 - -1)). Suppose -u = -3*x + 74. Calculate the highest common divisor of 16 and x.
16
Suppos